What is the hundreds digit of 96343?
3
What is the tens digit of 3196?
9
What is the units digit of 1112?
2
What is the thousands digit of 59668?
9
What is the hundreds digit of 3633?
6
What is the units digit of 35263?
3
What is the units digit of 124012?
2
What is the thousands digit of 1392?
1
What is the units digit of 5556?
6
What is the hundreds digit of 107203?
2
What is the units digit of 4193?
3
What is the units digit of 315?
5
What is the tens digit of 21?
2
What is the units digit of 82942?
2
What is the units digit of 990?
0
What is the ten thousands digit of 14431?
1
What is the units digit of 1005?
5
What is the units digit of 443?
3
What is the tens digit of 911?
1
What is the thousands digit of 22204?
2
What is the tens digit of 604?
0
What is the hundreds digit of 13894?
8
What is the hundreds digit of 1188?
1
What is the hundreds digit of 33137?
1
What is the hundreds digit of 4110?
1
What is the thousands digit of 8267?
8
What is the tens digit of 74959?
5
What is the units digit of 4829?
9
What is the hundreds digit of 409?
4
What is the units digit of 7031?
1
What is the hundreds digit of 54677?
6
What is the tens digit of 83927?
2
What is the thousands digit of 37058?
7
What is the units digit of 3645?
5
What is the ten thousands digit of 63979?
6
What is the hundreds digit of 587?
5
What is the ten thousands digit of 20207?
2
What is the ten thousands digit of 46759?
4
What is the tens digit of 170542?
4
What is the hundreds digit of 952?
9
What is the tens digit of 54559?
5
What is the hundreds digit of 2607?
6
What is the units digit of 1143?
3
What is the tens digit of 548?
4
What is the thousands digit of 8708?
8
What is the hundreds digit of 38356?
3
What is the hundreds digit of 4030?
0
What is the thousands digit of 46609?
6
What is the tens digit of 5024?
2
What is the hundreds digit of 616?
6
What is the units digit of 34276?
6
What is the thousands digit of 3508?
3
What is the thousands digit of 18658?
8
What is the ten thousands digit of 38205?
3
What is the units digit of 1810?
0
What is the tens digit of 159?
5
What is the tens digit of 454?
5
What is the tens digit of 4761?
6
What is the units digit of 20205?
5
What is the units digit of 39?
9
What is the tens digit of 47485?
8
What is the ten thousands digit of 19748?
1
What is the ten thousands digit of 110024?
1
What is the ten thousands digit of 19981?
1
What is the thousands digit of 4546?
4
What is the hundreds digit of 19167?
1
What is the ten thousands digit of 20422?
2
What is the hundreds digit of 177959?
9
What is the hundreds digit of 1648?
6
What is the hundreds digit of 4030?
0
What is the tens digit of 527?
2
What is the tens digit of 136?
3
What is the thousands digit of 69112?
9
What is the tens digit of 20312?
1
What is the units digit of 2021?
1
What is the thousands digit of 3917?
3
What is the hundreds digit of 41127?
1
What is the hundreds digit of 12919?
9
What is the thousands digit of 31338?
1
What is the thousands digit of 1138?
1
What is the units digit of 101721?
1
What is the tens digit of 2579?
7
What is the thousands digit of 24015?
4
What is the units digit of 988?
8
What is the hundreds digit of 278?
2
What is the thousands digit of 4839?
4
What is the units digit of 38793?
3
What is the ten thousands digit of 27990?
2
What is the thousands digit of 8564?
8
What is the tens digit of 31966?
6
What is the units digit of 1835?
5
What is the hundreds digit of 857?
8
What is the units digit of 2182?
2
What is the hundreds digit of 1491?
4
What is the hundreds digit of 6897?
8
What is the hundreds digit of 137?
1
What is the ten thousands digit of 84859?
8
What is the thousands digit of 39646?
9
What is the tens digit of 13886?
8
What is the tens digit of 2349?
4
What is the thousands digit of 47955?
7
What is the hundreds digit of 8390?
3
What is the ten thousands digit of 15397?
1
What is the units digit of 167?
7
What is the tens digit of 706?
0
What is the tens digit of 430?
3
What is the units digit of 573?
3
What is the tens digit of 43018?
1
What is the tens digit of 7675?
7
What is the thousands digit of 54997?
4
What is the units digit of 746?
6
What is the units digit of 3433?
3
What is the hundred thousands digit of 150434?
1
What is the tens digit of 7518?
1
What is the thousands digit of 4369?
4
What is the tens digit of 178660?
6
What is the units digit of 249?
9
What is the hundreds digit of 5911?
9
What is the tens digit of 158495?
9
What is the ten thousands digit of 14947?
1
What is the units digit of 817?
7
What is the units digit of 1131?
1
What is the thousands digit of 9942?
9
What is the thousands digit of 3023?
3
What is the units digit of 11482?
2
What is the hundreds digit of 48691?
6
What is the tens digit of 342?
4
What is the ten thousands digit of 11673?
1
What is the hundreds digit of 11296?
2
What is the hundreds digit of 824?
8
What is the units digit of 19547?
7
What is the units digit of 21737?
7
What is the thousands digit of 7521?
7
What is the ten thousands digit of 23661?
2
What is the hundreds digit of 724?
7
What is the hundreds digit of 1978?
9
What is the tens digit of 922?
2
What is the ten thousands digit of 10200?
1
What is the thousands digit of 1847?
1
What is the tens digit of 355?
5
What is the units digit of 313?
3
What is the tens digit of 2528?
2
What is the units digit of 476?
6
What is the hundreds digit of 1675?
6
What is the thousands digit of 13891?
3
What is the thousands digit of 3647?
3
What is the thousands digit of 6840?
6
What is the thousands digit of 1160?
1
What is the units digit of 887?
7
What is the hundreds digit of 5401?
4
What is the thousands digit of 67691?
7
What is the tens digit of 14050?
5
What is the hundreds digit of 24293?
2
What is the ten thousands digit of 11095?
1
What is the tens digit of 36959?
5
What is the tens digit of 754?
5
What is the units digit of 15175?
5
What is the ten thousands digit of 16746?
1
What is the ten thousands digit of 17922?
1
What is the thousands digit of 1115?
1
What is the tens digit of 14405?
0
What is the hundreds digit of 1375?
3
What is the hundreds digit of 5473?
4
What is the units digit of 2099?
9
What is the thousands digit of 4993?
4
What is the hundreds digit of 777?
7
What is the hundreds digit of 3503?
5
What is the units digit of 8022?
2
What is the hundreds digit of 587?
5
What is the thousands digit of 5912?
5
What is the units digit of 89753?
3
What is the units digit of 86473?
3
What is the tens digit of 199?
9
What is the tens digit of 1103?
0
What is the hundreds digit of 3076?
0
What is the units digit of 1046?
6
What is the tens digit of 1222?
2
What is the thousands digit of 27278?
7
What is the thousands digit of 4679?
4
What is the tens digit of 49742?
4
What is the hundreds digit of 1323?
3
What is the thousands digit of 108331?
8
What is the units digit of 27720?
0
What is the hundreds digit of 897?
8
What is the units digit of 66104?
4
What is the tens digit of 1082?
8
What is the hundreds digit of 1589?
5
What is the units digit of 28879?
9
What is the units digit of 7230?
0
What is the units digit of 7449?
9
What is the tens digit of 30?
3
What is the units digit of 98738?
8
What is the tens digit of 3804?
0
What is the tens digit of 44783?
8
What is the ten thousands digit of 57495?
5
What is the ten thousands digit of 112330?
1
What is the units digit of 702?
2
What is the thousands digit of 9809?
9
What is the tens digit of 15049?
4
What is the hundreds digit of 815?
8
What is the thousands digit of 58487?
8
What is the units digit of 3553?
3
What is the ten thousands digit of 12798?
1
What is the units digit of 139?
9
What is the tens digit of 3812?
1
What is the thousands digit of 2125?
2
What is the hundreds digit of 14342?
3
What is the tens digit of 5731?
3
What is the units digit of 946?
6
What is the hundreds digit of 1011?
0
What is the thousands digit of 1695?
1
What is the units digit of 432?
2
What is the tens digit of 21344?
4
What is the tens digit of 28854?
5
What is the thousands digit of 76331?
6
What is the units digit of 98?
8
What is the tens digit of 286?
8
What is the tens digit of 18696?
9
What is the units digit of 1854?
4
What is the units digit of 13832?
